, 3, 181
List the prime factors of 6687.
3, 743
List the prime factors of 397.
397
List the prime factors of 51539.
51539
List the prime factors of 14995.
5, 2999
List the prime factors of 1168.
2, 73
List the prime factors of 2919.
3, 7, 139
List the prime factors of 846.
2, 3, 47
What are the prime factors of 2900?
2, 5, 29
List the prime factors of 288.
2, 3
List the prime factors of 9762.
2, 3, 1627
List the prime factors of 2154.
2, 3, 359
What are the prime factors of 49326?
2, 3, 8221
List the prime factors of 2398.
2, 11, 109
What are the prime factors of 14678?
2, 41, 179
List the prime factors of 200.
2, 5
What are the prime factors of 44703?
3, 4967
List the prime factors of 3243.
3, 23, 47
List the prime factors of 1218.
2, 3, 7, 29
List the prime factors of 511.
7, 73
What are the prime factors of 35244?
2, 3, 11, 89
List the prime factors of 30436.
2, 7, 1087
What are the prime factors of 648?
2, 3
What are the prime factors of 2282?
2, 7, 163
List the prime factors of 122312.
2, 15289
What are the prime factors of 985?
5, 197
What are the prime factors of 6567?
3, 11, 199
List the prime factors of 1731.
3, 577
What are the prime factors of 1654?
2, 827
What are the prime factors of 362?
2, 181
List the prime factors of 8933.
8933
List the prime factors of 17428.
2, 4357
What are the prime factors of 3090?
2, 3, 5, 103
List the prime factors of 87632.
2, 5477
List the prime factors of 1341.
3, 149
List the prime factors of 3186.
2, 3, 59
What are the prime factors of 1756?
2, 439
List the prime factors of 3174.
2, 3, 23
List the prime factors of 815.
5, 163
List the prime factors of 17738.
2, 7, 181
List the prime factors of 28099.
28099
What are the prime factors of 1013?
1013
What are the prime factors of 11081?
7, 1583
What are the prime factors of 1019?
1019
What are the prime factors of 4374?
2, 3
List the prime factors of 1622.
2, 811
What are the prime factors of 2063?
2063
List the prime factors of 289.
17
List the prime factors of 688.
2, 43
What are the prime factors of 243?
3
What are the prime factors of 2204?
2, 19, 29
What are the prime factors of 11417?
7, 233
What are the prime factors of 33622?
2, 16811
List the prime factors of 61017.
3, 11, 43
List the prime factors of 1469.
13, 113
What are the prime factors of 11439?
3, 31, 41
List the prime factors of 57.
3, 19
What are the prime factors of 21573?
3, 17, 47
What are the prime factors of 2767?
2767
List the prime factors of 2593.
2593
What are the prime factors of 13338?
2, 3, 13, 19
List the prime factors of 5164.
2, 1291
List the prime factors of 75767.
75767
List the prime factors of 856.
2, 107
List the prime factors of 16764.
2, 3, 11, 127
List the prime factors of 540.
2, 3, 5
What are the prime factors of 102193?
7, 13, 1123
List the prime factors of 656.
2, 41
What are the prime factors of 1245?
3, 5, 83
What are the prime factors of 978?
2, 3, 163
List the prime factors of 642.
2, 3, 107
What are the prime factors of 6370?
2, 5, 7, 13
List the prime factors of 7979.
79, 101
List the prime factors of 176972.
2, 151, 293
List the prime factors of 127623.
3, 19, 2239
What are the prime factors of 791?
7, 113
What are the prime factors of 476?
2, 7, 17
What are the prime factors of 1670?
2, 5, 167
What are the prime factors of 7144?
2, 19, 47
List the prime factors of 1014.
2, 3, 13
What are the prime factors of 94468?
2, 11, 19, 113
List the prime factors of 856.
2, 107
List the prime factors of 2500.
2, 5
List the prime factors of 2817.
3, 313
What are the prime factors of 848?
2, 53
What are the prime factors of 89128?
2, 13, 857
What are the prime factors of 45236?
2, 43, 263
List the prime factors of 33293.
13, 197
What are the prime factors of 5020?
2, 5, 251
List the prime factors of 5259.
3, 1753
List the prime factors of 132208.
2, 8263
List the prime factors of 16981.
16981
List the prime factors of 5297.
5297
What are the prime factors of 73764?
2, 3, 683
List the prime factors of 342.
2, 3, 19
What are the prime factors of 10555?
5, 2111
List the prime factors of 114.
2, 3, 19
What are the prime factors of 2378?
2, 29, 41
What are the prime factors of 35484?
2, 3, 2957
What are the prime factors of 12148?
2, 3037
What are the prime factors of 984?
2, 3, 41
What are the prime factors of 102836?
2, 47, 547
List the prime factors of 10552.
2, 1319
What are the prime factors of 121922?
2, 60961
List the prime factors of 36.
2, 3
List the prime factors of 3363.
3, 19, 59
List the prime factors of 1629.
3, 181
What are the prime factors of 594?
2, 3, 11
List the prime factors of 25167.
3, 8389
List the prime factors of 1879.
1879
What are the prime factors of 1667?
1667
What are the prime factors of 9770?
2, 5, 977
List the prime factors of 4369.
17, 257
What are the prime factors of 140027?
31, 4517
List the prime factors of 14948.
2, 37, 101
List the prime factors of 519.
3, 173
What are the prime factors of 64431?
3, 7159
List the prime factors of 13381.
13381
List the prime factors of 96268.
2, 41, 587
What are the prime factors of 705?
3, 5, 47
List the prime factors of 98251.
98251
What are the prime factors of 63?
3, 7
List the prime factors of 1398.
2, 3, 233
What are the prime factors of 16156?
2, 7, 577
What are the prime factors of 3730?
2, 5, 373
What are the prime factors of 837?
3, 31
What are the prime factors of 4409?
4409
List the prime factors of 28860.
2, 3, 5, 13, 37
What are the prime factors of 61768?
2, 7, 1103
List the prime factors of 816.
2, 3, 17
List the prime factors of 44907.
3, 14969
List the prime factors of 689.
13, 53
What are the prime factors of 1078?
2, 7, 11
List the prime factors of 1131.
3, 13, 29
What are the prime factors of 67?
67
List the prime factors of 1759.
1759
What are the prime factors of 5568?
2, 3, 29
What are the prime factors of 27659?
17, 1627
What are the prime factors of 7786?
2, 17, 229
What are the prime factors of 49677?
3, 29, 571
List the prime factors of 2729.
2729
List the prime factors of 9930.
2, 3, 5, 331
List the prime factors of 213.
3, 71
What are the prime factors of 130?
2, 5, 13
What are the prime factors of 54638?
2, 17, 1607
What are the prime factors of 22088?
2, 11, 251
What are the prime factors of 3618?
2, 3, 67
What are the prime factors of 18269?
18269
List the prime factors of 733.
733
List the prime factors of 1075.
5, 43
What are the prime factors of 2905?
5, 7, 83
List the prime factors of 646.
2, 17, 19
What are the prime factors of 1427?
1427
What are the prime factors of 40631?
41, 991
What are the prime factors of 32545?
5, 23, 283
List the prime factors of 151.
151
What are the prime factors of 6017?
11, 547
List the prime factors of 51353.
89, 577
What are the prime factors of 5473?
13, 421
What are the prime factors of 50?
2, 5
List the prime factors of 2071.
19, 109
What are the prime factors of 5626?
2, 29, 97
List the prime factors of 902.
2, 11, 41
List the prime factors of 3084.
2, 3, 257
What are the prime factors of 94?
2, 47
List the prime factors of 28307.
28307
List the prime factors of 11489.
11489
What are the prime factors of 10601?
10601
What are the prime factors of 49398?
2, 3, 8233
List the prime factors of 80234.
2, 7, 11, 521
List the prime factors of 1091.
1091
List the prime factors of 30746.
2, 15373
What are the prime factors of 2372?
2, 593
List the prime factors of 56967.
3, 17, 1117
What are the prime factors of 623?
7, 89
What are the prime factors of 1798?
2, 29, 31
List the prime factors of 6609.
3, 2203
List the prime factors of 4205.
5, 29
What are the prime factors of 20938?
2, 19, 29
List the prime factors of 4198.
2, 2099
What are the prime factors of 1477?
7, 211
List the prime factors of 1461.
3, 487
What are the prime factors of 585?
3, 5, 13
What are the prime factors of 119207?
11, 10837
List the prime factors of 2407.
29, 83
What are the prime factors of 2516?
2, 17, 37
List the prime factors of 11692.
2, 37, 79
List the prime factors of 10977.
3, 3659
List the prime factors of 927.
3, 103
List the prime factors of 14360.
2, 5, 359
What are the prime factors of 2871?
3, 11, 29
What are the prime factors of 25902?
2, 3, 1439
List the prime factors of 10104.
2, 3, 421
What are the prime factors of 907?
907
List the